471 a composite number?
True
Is 47697302 composite?
True
Is 7502284505 a composite number?
True
Is 3251874091 a prime number?
True
Is 3838085917 a prime number?
False
Is 40377067 a composite number?
False
Is 103164289 composite?
False
Is 2799028091 a composite number?
False
Is 8285803891 a composite number?
False
Is 3583617053 a prime number?
False
Is 47765797 a composite number?
True
Is 1263481547 a composite number?
True
Is 15792886093 prime?
False
Is 2472009521 a composite number?
True
Is 6343471159 a prime number?
True
Is 20901974111 composite?
False
Is 24229529003 composite?
False
Is 2030166509 prime?
False
Is 13019668693 prime?
False
Is 6877327 prime?
True
Is 4267204277 a composite number?
True
Is 14572596085 composite?
True
Is 29019293929 composite?
False
Is 156550871 a composite number?
False
Is 18141042757 a prime number?
False
Is 361668497 composite?
True
Is 1618204127 a prime number?
True
Is 695671765 composite?
True
Is 22864600261 prime?
True
Is 2514231137 a composite number?
True
Is 648140257 a prime number?
True
Is 985710163 a prime number?
False
Is 4490540281 composite?
False
Is 9466121263 composite?
True
Is 53054932507 a prime number?
True
Is 1427797901 composite?
False
Is 144460817923 a prime number?
True
Is 13921866391 a composite number?
False
Is 52685441 a prime number?
True
Is 4565022281 a prime number?
False
Is 232633231 a prime number?
False
Is 3644954317 prime?
True
Is 339392279 a prime number?
True
Is 6631712881 composite?
True
Is 20206549459 prime?
True
Is 26596120249 a prime number?
True
Is 11685693013 a prime number?
True
Is 2622444593 a prime number?
False
Is 288466769 a composite number?
False
Is 987067687 composite?
False
Is 48835598023 a prime number?
True
Is 58412348483 composite?
True
Is 10791764621 a prime number?
False
Is 12608171461 composite?
False
Is 5776963997 a prime number?
False
Is 61697729449 a prime number?
True
Is 1220014721 a prime number?
True
Is 27991336574 prime?
False
Is 2821593577 a prime number?
False
Is 3605808347 composite?
False
Is 15524994293 prime?
True
Is 149549297 composite?
False
Is 303799577 a prime number?
False
Is 67176070189 a prime number?
True
Is 159760429747 composite?
False
Is 39339359 a prime number?
True
Is 82660559 a composite number?
False
Is 2112384751 a prime number?
True
Is 38508343 a composite number?
False
Is 1833743357 prime?
True
Is 15775031591 composite?
True
Is 2368472803 a prime number?
False
Is 2569575779 a prime number?
True
Is 193632094295 a composite number?
True
Is 67991691895 composite?
True
Is 1743627419 a composite number?
True
Is 10600637847 a composite number?
True
Is 198337595 a prime number?
False
Is 69159173729 a composite number?
False
Is 52076485847 prime?
True
Is 2381035571 a prime number?
True
Is 106425420953 composite?
True
Is 61016149 a composite number?
True
Is 814641067 a prime number?
True
Is 5442453761 a composite number?
True
Is 2792595499 composite?
True
Is 13644748411 a composite number?
True
Is 94650366505 a prime number?
False
Is 208339897363 a prime number?
False
Is 2680300871 a prime number?
True
Is 4331694683 a prime number?
True
Is 18718247207 a prime number?
False
Is 2517570871 a composite number?
True
Is 11814966037 a composite number?
True
Is 170038994239 a composite number?
False
Is 1951059211 a composite number?
False
Is 30544164797 a prime number?
True
Is 1392241853 composite?
True
Is 508962697 composite?
True
Is 4990426613 a prime number?
True
Is 200300257 a composite number?
False
Is 109871353 composite?
False
Is 2102842783 prime?
False
Is 413334217 composite?
False
Is 171526043213 a composite number?
True
Is 735921539 composite?
True
Is 613717661 a prime number?
False
Is 5321336057 a composite number?
False
Is 1556935243 prime?
False
Is 4084217629 a prime number?
False
Is 965987963 a prime number?
False
Is 12224032867 prime?
False
Is 52693940449 a prime number?
True
Is 8492971411 a composite number?
True
Is 13508419201 a composite number?
False
Is 361344827 composite?
True
Is 23905121297 prime?
False
Is 72660496823 a prime number?
True
Is 6349928921 composite?
True
Is 2547862501 composite?
False
Is 898165171 a composite number?
True
Is 201094077211 composite?
False
Is 1140618151061 a composite number?
False
Is 17343319229 composite?
False
Is 12982163393 composite?
True
Is 152249557 a prime number?
True
Is 9150285793 a prime number?
False
Is 1426319717 a composite number?
True
Is 33581216047 a prime number?
False
Is 4120666107 prime?
False
Is 546600017 a composite number?
False
Is 7409422043 prime?
True
Is 1328567441 a prime number?
False
Is 363349774 composite?
True
Is 281558377 a prime number?
True
Is 7685181661 a composite number?
False
Is 28815533363 a composite number?
True
Is 58026712015 composite?
True
Is 6231599729 a composite number?
False
Is 5615284901 prime?
True
Is 109008734389 a prime number?
False
Is 2257898483 prime?
False
Is 10640339279 prime?
False
Is 199853940437 composite?
False
Is 19741596617 composite?
True
Is 23914150577 composite?
True
Is 184611101 a composite number?
False
Is 12799194259 a composite number?
False
Is 67199458193 a prime number?
False
Is 33977315429 prime?
True
Is 1420445569 composite?
True
Is 252662003 composite?
True
Is 2732715883 a prime number?
False
Is 1184923237 composite?
True
Is 20504367781 a prime number?
True
Is 29676226259 composite?
True
Is 269421293 a composite number?
False
Is 5632311371 prime?
True
Is 5705350297 composite?
True
Is 472639039 a composite number?
True
Is 1004124587 a prime number?
True
Is 1517812477 composite?
False
Is 524799857 composite?
False
Is 111721540381 prime?
False
Is 4607111827 composite?
True
Is 879811927 a composite number?
False
Is 267967121 prime?
True
Is 15818804399 a composite number?
True
Is 715917509 prime?
True
Is 1224551389 composite?
False
Is 1060036577 a composite number?
True
Is 30075549333 prime?
False
Is 4308735397 a composite number?
False
Is 11564360147 a prime number?
True
Is 9599286173 a composite number?
False
Is 4177116439 prime?
True
Is 15548819041 composite?
True
Is 18967911407 prime?
False
Is 101036311 a prime number?
True
Is 7409448049 composite?
True
Is 103461143 a composite number?
False
Is 2250277957 a composite number?
False
Is 231198060039 a composite number?
True
Is 1105699709 prime?
True
Is 1414368281 composite?
False
Is 457052023 a composite number?
False
Is 640668917 a prime number?
False
Is 24522004483 composite?
False
Is 4294207457 composite?
True
Is 12684576781 prime?
False
Is 3128395043 composite?
True
Is 27450929309 a prime number?
True
Is 350424169 a prime number?
True
Is 47583642871 composite?
False
Is 121269997 a composite number?
True
Is 10315155457 a composite number?
False
Is 468457651 a prime number?
True
Is 4380095249 composite?
False
Is 16546793051 composite?
True
Is 1299151039 prime?
False
Is 1579544429 a composite number?
False
Is 1807362077 composite?
False
Is 17210546403 prime?
False
Is 135710381 a prime number?
True
Is 8851006438 a prime number?
False
Is 11206423841 prime?
False
Is 9037543481 composite?
True
Is 187139396027 a prime number?
False
Is 4899799199 a composite number?
False
Is 7909509493 a composite number?
False
Is 1403709331 composite?
False
Is 154722391 composite?
False
Is 632170373 prime?
False
Is 317104807 a prime number?
True
Is 779974967 a composite number?
False
Is 26147026133 composite?
True
Is 19936767307 a prime number?
True
Is 105878211 composite?
True
Is 660279587 prime?
False
Is 229157627 prime?
True
Is 124581248639 prime?
False
Is 505276741 a prime number?
False
Is 24670087201 prime?
False
Is 444082157 a prime number?
True
Is 89498791 a composite number?
False
Is 29322174279 a prime number?
False
Is 215326654919 a prime number?
True
Is 1215862205 prime?
False
Is 1317658137 prime?
False
Is 76351679 a composite number?
True
Is 11589392531 a prime number?
True
Is 102244342441 prime?
True
Is 15744078781 prime?
False
Is 47957272637 prime?
False
Is 30195182987 prime?
True
Is 2937568531 a prime number?
True
Is 20254647299 composite?
True
Is 2907423899 composite?
False
Is 9429903383 prime?
False
Is 3991734463 prime?
False
Is 156359709691 a composite number?
False
Is 4078861541 a prime number?
True
Is 324585077 prime?
False
Is 317401919 a composite number?
True
Is 27498312